{"id":13137,"date":"2024-06-10T13:03:07","date_gmt":"2024-06-10T10:03:07","guid":{"rendered":"https:\/\/bathhere.com\/?post_type=product&#038;p=13137"},"modified":"2024-06-26T12:02:48","modified_gmt":"2024-06-26T09:02:48","slug":"soul-180-x-120-x-60h","status":"publish","type":"product","link":"https:\/\/bathhere.com\/?product=soul-180-x-120-x-60h","title":{"rendered":"TREESSE SOUL  180 x 120 x 60h"},"content":{"rendered":"<h2><a style=\"text-decoration: none; color: transparent;\" href=\"https:\/\/www.gruppotres.com\/bathroom\/ghost\/soul.html\" target=\"_blank\" rel=\"noopener\">TREESSE SOUL 120<\/a><\/h2>\n","protected":false},"excerpt":{"rendered":"<p>TREESSE SOUL 120<\/p>\n","protected":false},"featured_media":13138,"comment_status":"open","ping_status":"closed","template":"","meta":{"site-sidebar-layout":"default","site-content-layout":"default","ast-site-content-layout":"default","site-content-style":"default","site-sidebar-style":"default","ast-global-header-display":"","ast-banner-title-visibility":"","ast-main-header-display":"","ast-hfb-above-header-display":"","ast-hfb-below-header-display":"","ast-hfb-mobile-header-display":"","site-post-title":"","ast-breadcrumbs-content":"","ast-featured-img":"","footer-sml-layout":"","ast-disable-related-posts":"","theme-transparent-header-meta":"default","adv-header-id-meta":"","stick-header-meta":"","header-above-stick-meta":"","header-main-stick-meta":"","header-below-stick-meta":"","astra-migrate-meta-layouts":"set","ast-page-background-enabled":"default","ast-page-background-meta":{"desktop":{"background-color":"var(--ast-global-color-4)","background-image":"","background-repeat":"repeat","background-position":"center center","background-size":"auto","background-attachment":"scroll","background-type":"","background-media":"","overlay-type":"","overlay-color":"","overlay-opacity":"","overlay-gradient":""},"tablet":{"background-color":"","background-image":"","background-repeat":"repeat","background-position":"center center","background-size":"auto","background-attachment":"scroll","background-type":"","background-media":"","overlay-type":"","overlay-color":"","overlay-opacity":"","overlay-gradient":""},"mobile":{"background-color":"","background-image":"","background-repeat":"repeat","background-position":"center center","background-size":"auto","background-attachment":"scroll","background-type":"","background-media":"","overlay-type":"","overlay-color":"","overlay-opacity":"","overlay-gradient":""}},"ast-content-background-meta":{"desktop":{"background-color":"var(--ast-global-color-5)","background-image":"","background-repeat":"repeat","background-position":"center center","background-size":"auto","background-attachment":"scroll","background-type":"","background-media":"","overlay-type":"","overlay-color":"","overlay-opacity":"","overlay-gradient":""},"tablet":{"background-color":"var(--ast-global-color-5)","background-image":"","background-repeat":"repeat","background-position":"center center","background-size":"auto","background-attachment":"scroll","background-type":"","background-media":"","overlay-type":"","overlay-color":"","overlay-opacity":"","overlay-gradient":""},"mobile":{"background-color":"var(--ast-global-color-5)","background-image":"","background-repeat":"repeat","background-position":"center center","background-size":"auto","background-attachment":"scroll","background-type":"","background-media":"","overlay-type":"","overlay-color":"","overlay-opacity":"","overlay-gradient":""}},"_links_to":"","_links_to_target":""},"pwb-brand":[4960],"product_brand":[],"product_cat":[5240],"product_tag":[5267],"berocket_brand":[4959],"class_list":{"0":"post-13137","1":"product","2":"type-product","3":"status-publish","4":"has-post-thumbnail","6":"pwb-brand-treesse","7":"product_cat-soul-180-x-120-x-60h","8":"product_tag-treesse","9":"berocket_brand-treesse","10":"desktop-align-left","11":"tablet-align-left","12":"mobile-align-left","14":"first","15":"instock","16":"shipping-taxable","17":"product-type-simple"},"aioseo_notices":[],"yoast_head":"<!-- This site is optimized with the Yoast SEO Premium plugin v22.9 (Yoast SEO v27.3) - https:\/\/yoast.com\/product\/yoast-seo-premium-wordpress\/ -->\n<title>Treesse Soul 120 hidromasaj k\u00fcvet spa jakuzi<\/title>\n<meta name=\"description\" content=\"Soul hidromasajl\u0131 k\u00fcvet otel odalar\u0131, dinlenme alanlar\u0131 , \u00f6zel evler ve daireler i\u00e7in uygundur . Se\u00e7ilen konum ne olursa olsun, bu \u015f\u0131k ve \u00e7arp\u0131c\u0131 k\u00fcvet, banyonuza s\u0131\u011fabilecek k\u00fc\u00e7\u00fck boyutlu harika bir spa olan y\u00fcksek performansl\u0131 bir jakuzi sisteminin sa\u011fl\u0131kl\u0131 ya\u015fam\u0131n\u0131 getiriyor.Soul jakuzi k\u00fcveti Marc Sadler taraf\u0131ndan tasarlanm\u0131\u015ft\u0131r\" \/>\n<meta name=\"robots\" content=\"index, follow, max-snippet:-1, max-image-preview:large, max-video-preview:-1\" \/>\n<link rel=\"canonical\" href=\"https:\/\/bathhere.com\/?product=soul-180-x-120-x-60h\" \/>\n<meta property=\"og:locale\" content=\"en_US\" \/>\n<meta property=\"og:type\" content=\"article\" \/>\n<meta property=\"og:title\" content=\"TREESSE SOUL 180 x 120 x 60h\" \/>\n<meta property=\"og:description\" content=\"Soul hidromasajl\u0131 k\u00fcvet otel odalar\u0131, dinlenme alanlar\u0131 , \u00f6zel evler ve daireler i\u00e7in uygundur . Se\u00e7ilen konum ne olursa olsun, bu \u015f\u0131k ve \u00e7arp\u0131c\u0131 k\u00fcvet, banyonuza s\u0131\u011fabilecek k\u00fc\u00e7\u00fck boyutlu harika bir spa olan y\u00fcksek performansl\u0131 bir jakuzi sisteminin sa\u011fl\u0131kl\u0131 ya\u015fam\u0131n\u0131 getiriyor.Soul jakuzi k\u00fcveti Marc Sadler taraf\u0131ndan tasarlanm\u0131\u015ft\u0131r\" \/>\n<meta property=\"og:url\" content=\"https:\/\/bathhere.com\/?product=soul-180-x-120-x-60h\" \/>\n<meta property=\"og:site_name\" content=\"Bathhere online shopping\" \/>\n<meta property=\"article:modified_time\" content=\"2024-06-26T09:02:48+00:00\" \/>\n<meta property=\"og:image\" content=\"https:\/\/bathhere.com\/wp-content\/uploads\/2024\/06\/soul_0X800_90.png\" \/>\n\t<meta property=\"og:image:width\" content=\"800\" \/>\n\t<meta property=\"og:image:height\" content=\"800\" \/>\n\t<meta property=\"og:image:type\" content=\"image\/png\" \/>\n<meta name=\"twitter:card\" content=\"summary_large_image\" \/>\n<meta name=\"twitter:label1\" content=\"Est. reading time\" \/>\n\t<meta name=\"twitter:data1\" content=\"1 minute\" \/>\n<script type=\"application\/ld+json\" class=\"yoast-schema-graph\">{\"@context\":\"https:\\\/\\\/schema.org\",\"@graph\":[{\"@type\":\"WebPage\",\"@id\":\"https:\\\/\\\/bathhere.com\\\/?product=soul-180-x-120-x-60h\",\"url\":\"https:\\\/\\\/bathhere.com\\\/?product=soul-180-x-120-x-60h\",\"name\":\"Treesse Soul 120 hidromasaj k\u00fcvet spa jakuzi\",\"isPartOf\":{\"@id\":\"https:\\\/\\\/bathhere.com\\\/#website\"},\"primaryImageOfPage\":{\"@id\":\"https:\\\/\\\/bathhere.com\\\/?product=soul-180-x-120-x-60h#primaryimage\"},\"image\":{\"@id\":\"https:\\\/\\\/bathhere.com\\\/?product=soul-180-x-120-x-60h#primaryimage\"},\"thumbnailUrl\":\"https:\\\/\\\/bathhere.com\\\/wp-content\\\/uploads\\\/2024\\\/06\\\/soul_0X800_90.png\",\"datePublished\":\"2024-06-10T10:03:07+00:00\",\"dateModified\":\"2024-06-26T09:02:48+00:00\",\"description\":\"Soul hidromasajl\u0131 k\u00fcvet otel odalar\u0131, dinlenme alanlar\u0131 , \u00f6zel evler ve daireler i\u00e7in uygundur . Se\u00e7ilen konum ne olursa olsun, bu \u015f\u0131k ve \u00e7arp\u0131c\u0131 k\u00fcvet, banyonuza s\u0131\u011fabilecek k\u00fc\u00e7\u00fck boyutlu harika bir spa olan y\u00fcksek performansl\u0131 bir jakuzi sisteminin sa\u011fl\u0131kl\u0131 ya\u015fam\u0131n\u0131 getiriyor.Soul jakuzi k\u00fcveti Marc Sadler taraf\u0131ndan tasarlanm\u0131\u015ft\u0131r\",\"breadcrumb\":{\"@id\":\"https:\\\/\\\/bathhere.com\\\/?product=soul-180-x-120-x-60h#breadcrumb\"},\"inLanguage\":\"en\",\"potentialAction\":[{\"@type\":\"ReadAction\",\"target\":[\"https:\\\/\\\/bathhere.com\\\/?product=soul-180-x-120-x-60h\"]}]},{\"@type\":\"ImageObject\",\"inLanguage\":\"en\",\"@id\":\"https:\\\/\\\/bathhere.com\\\/?product=soul-180-x-120-x-60h#primaryimage\",\"url\":\"https:\\\/\\\/bathhere.com\\\/wp-content\\\/uploads\\\/2024\\\/06\\\/soul_0X800_90.png\",\"contentUrl\":\"https:\\\/\\\/bathhere.com\\\/wp-content\\\/uploads\\\/2024\\\/06\\\/soul_0X800_90.png\",\"width\":800,\"height\":800},{\"@type\":\"BreadcrumbList\",\"@id\":\"https:\\\/\\\/bathhere.com\\\/?product=soul-180-x-120-x-60h#breadcrumb\",\"itemListElement\":[{\"@type\":\"ListItem\",\"position\":1,\"name\":\"Anasayfa\",\"item\":\"https:\\\/\\\/bathhere.com\\\/\"},{\"@type\":\"ListItem\",\"position\":2,\"name\":\"Products\",\"item\":\"https:\\\/\\\/bathhere.com\\\/?post_type=product\"},{\"@type\":\"ListItem\",\"position\":3,\"name\":\"TREESSE SOUL 180 x 120 x 60h\"}]},{\"@type\":\"WebSite\",\"@id\":\"https:\\\/\\\/bathhere.com\\\/#website\",\"url\":\"https:\\\/\\\/bathhere.com\\\/\",\"name\":\"bathhere\",\"description\":\"L&uuml;ks modern mimari dekorasyon &uuml;r&uuml;nleri\",\"publisher\":{\"@id\":\"https:\\\/\\\/bathhere.com\\\/#organization\"},\"alternateName\":\"https:\\\/\\\/aksesuardesign.com\\\/\",\"potentialAction\":[{\"@type\":\"SearchAction\",\"target\":{\"@type\":\"EntryPoint\",\"urlTemplate\":\"https:\\\/\\\/bathhere.com\\\/?s={search_term_string}\"},\"query-input\":{\"@type\":\"PropertyValueSpecification\",\"valueRequired\":true,\"valueName\":\"search_term_string\"}}],\"inLanguage\":\"en\"},{\"@type\":\"Organization\",\"@id\":\"https:\\\/\\\/bathhere.com\\\/#organization\",\"name\":\"Aksesuar Design\",\"url\":\"https:\\\/\\\/bathhere.com\\\/\",\"logo\":{\"@type\":\"ImageObject\",\"inLanguage\":\"en\",\"@id\":\"https:\\\/\\\/bathhere.com\\\/#\\\/schema\\\/logo\\\/image\\\/\",\"url\":\"https:\\\/\\\/bathhere.com\\\/wp-content\\\/uploads\\\/2021\\\/09\\\/cropped-Asset-12-300x56-1.png\",\"contentUrl\":\"https:\\\/\\\/bathhere.com\\\/wp-content\\\/uploads\\\/2021\\\/09\\\/cropped-Asset-12-300x56-1.png\",\"width\":300,\"height\":56,\"caption\":\"Aksesuar Design\"},\"image\":{\"@id\":\"https:\\\/\\\/bathhere.com\\\/#\\\/schema\\\/logo\\\/image\\\/\"},\"sameAs\":[\"https:\\\/\\\/www.instagram.com\\\/aksesuardesign\\\/\"]}]}<\/script>\n<!-- \/ Yoast SEO Premium plugin. -->","yoast_head_json":{"title":"Treesse Soul 120 hidromasaj k\u00fcvet spa jakuzi","description":"Soul hidromasajl\u0131 k\u00fcvet otel odalar\u0131, dinlenme alanlar\u0131 , \u00f6zel evler ve daireler i\u00e7in uygundur . Se\u00e7ilen konum ne olursa olsun, bu \u015f\u0131k ve \u00e7arp\u0131c\u0131 k\u00fcvet, banyonuza s\u0131\u011fabilecek k\u00fc\u00e7\u00fck boyutlu harika bir spa olan y\u00fcksek performansl\u0131 bir jakuzi sisteminin sa\u011fl\u0131kl\u0131 ya\u015fam\u0131n\u0131 getiriyor.Soul jakuzi k\u00fcveti Marc Sadler taraf\u0131ndan tasarlanm\u0131\u015ft\u0131r","robots":{"index":"index","follow":"follow","max-snippet":"max-snippet:-1","max-image-preview":"max-image-preview:large","max-video-preview":"max-video-preview:-1"},"canonical":"https:\/\/bathhere.com\/?product=soul-180-x-120-x-60h","og_locale":"en_US","og_type":"article","og_title":"TREESSE SOUL 180 x 120 x 60h","og_description":"Soul hidromasajl\u0131 k\u00fcvet otel odalar\u0131, dinlenme alanlar\u0131 , \u00f6zel evler ve daireler i\u00e7in uygundur . Se\u00e7ilen konum ne olursa olsun, bu \u015f\u0131k ve \u00e7arp\u0131c\u0131 k\u00fcvet, banyonuza s\u0131\u011fabilecek k\u00fc\u00e7\u00fck boyutlu harika bir spa olan y\u00fcksek performansl\u0131 bir jakuzi sisteminin sa\u011fl\u0131kl\u0131 ya\u015fam\u0131n\u0131 getiriyor.Soul jakuzi k\u00fcveti Marc Sadler taraf\u0131ndan tasarlanm\u0131\u015ft\u0131r","og_url":"https:\/\/bathhere.com\/?product=soul-180-x-120-x-60h","og_site_name":"Bathhere online shopping","article_modified_time":"2024-06-26T09:02:48+00:00","og_image":[{"width":800,"height":800,"url":"https:\/\/bathhere.com\/wp-content\/uploads\/2024\/06\/soul_0X800_90.png","type":"image\/png"}],"twitter_card":"summary_large_image","twitter_misc":{"Est. reading time":"1 minute"},"schema":{"@context":"https:\/\/schema.org","@graph":[{"@type":"WebPage","@id":"https:\/\/bathhere.com\/?product=soul-180-x-120-x-60h","url":"https:\/\/bathhere.com\/?product=soul-180-x-120-x-60h","name":"Treesse Soul 120 hidromasaj k\u00fcvet spa jakuzi","isPartOf":{"@id":"https:\/\/bathhere.com\/#website"},"primaryImageOfPage":{"@id":"https:\/\/bathhere.com\/?product=soul-180-x-120-x-60h#primaryimage"},"image":{"@id":"https:\/\/bathhere.com\/?product=soul-180-x-120-x-60h#primaryimage"},"thumbnailUrl":"https:\/\/bathhere.com\/wp-content\/uploads\/2024\/06\/soul_0X800_90.png","datePublished":"2024-06-10T10:03:07+00:00","dateModified":"2024-06-26T09:02:48+00:00","description":"Soul hidromasajl\u0131 k\u00fcvet otel odalar\u0131, dinlenme alanlar\u0131 , \u00f6zel evler ve daireler i\u00e7in uygundur . Se\u00e7ilen konum ne olursa olsun, bu \u015f\u0131k ve \u00e7arp\u0131c\u0131 k\u00fcvet, banyonuza s\u0131\u011fabilecek k\u00fc\u00e7\u00fck boyutlu harika bir spa olan y\u00fcksek performansl\u0131 bir jakuzi sisteminin sa\u011fl\u0131kl\u0131 ya\u015fam\u0131n\u0131 getiriyor.Soul jakuzi k\u00fcveti Marc Sadler taraf\u0131ndan tasarlanm\u0131\u015ft\u0131r","breadcrumb":{"@id":"https:\/\/bathhere.com\/?product=soul-180-x-120-x-60h#breadcrumb"},"inLanguage":"en","potentialAction":[{"@type":"ReadAction","target":["https:\/\/bathhere.com\/?product=soul-180-x-120-x-60h"]}]},{"@type":"ImageObject","inLanguage":"en","@id":"https:\/\/bathhere.com\/?product=soul-180-x-120-x-60h#primaryimage","url":"https:\/\/bathhere.com\/wp-content\/uploads\/2024\/06\/soul_0X800_90.png","contentUrl":"https:\/\/bathhere.com\/wp-content\/uploads\/2024\/06\/soul_0X800_90.png","width":800,"height":800},{"@type":"BreadcrumbList","@id":"https:\/\/bathhere.com\/?product=soul-180-x-120-x-60h#breadcrumb","itemListElement":[{"@type":"ListItem","position":1,"name":"Anasayfa","item":"https:\/\/bathhere.com\/"},{"@type":"ListItem","position":2,"name":"Products","item":"https:\/\/bathhere.com\/?post_type=product"},{"@type":"ListItem","position":3,"name":"TREESSE SOUL 180 x 120 x 60h"}]},{"@type":"WebSite","@id":"https:\/\/bathhere.com\/#website","url":"https:\/\/bathhere.com\/","name":"bathhere","description":"L&uuml;ks modern mimari dekorasyon &uuml;r&uuml;nleri","publisher":{"@id":"https:\/\/bathhere.com\/#organization"},"alternateName":"https:\/\/aksesuardesign.com\/","potentialAction":[{"@type":"SearchAction","target":{"@type":"EntryPoint","urlTemplate":"https:\/\/bathhere.com\/?s={search_term_string}"},"query-input":{"@type":"PropertyValueSpecification","valueRequired":true,"valueName":"search_term_string"}}],"inLanguage":"en"},{"@type":"Organization","@id":"https:\/\/bathhere.com\/#organization","name":"Aksesuar Design","url":"https:\/\/bathhere.com\/","logo":{"@type":"ImageObject","inLanguage":"en","@id":"https:\/\/bathhere.com\/#\/schema\/logo\/image\/","url":"https:\/\/bathhere.com\/wp-content\/uploads\/2021\/09\/cropped-Asset-12-300x56-1.png","contentUrl":"https:\/\/bathhere.com\/wp-content\/uploads\/2021\/09\/cropped-Asset-12-300x56-1.png","width":300,"height":56,"caption":"Aksesuar Design"},"image":{"@id":"https:\/\/bathhere.com\/#\/schema\/logo\/image\/"},"sameAs":["https:\/\/www.instagram.com\/aksesuardesign\/"]}]}},"brands":[{"id":4960,"name":"TREESSE","slug":"treesse"}],"_links":{"self":[{"href":"https:\/\/bathhere.com\/index.php?rest_route=\/wp\/v2\/product\/13137","targetHints":{"allow":["GET"]}}],"collection":[{"href":"https:\/\/bathhere.com\/index.php?rest_route=\/wp\/v2\/product"}],"about":[{"href":"https:\/\/bathhere.com\/index.php?rest_route=\/wp\/v2\/types\/product"}],"replies":[{"embeddable":true,"href":"https:\/\/bathhere.com\/index.php?rest_route=%2Fwp%2Fv2%2Fcomments&post=13137"}],"wp:featuredmedia":[{"embeddable":true,"href":"https:\/\/bathhere.com\/index.php?rest_route=\/wp\/v2\/media\/13138"}],"wp:attachment":[{"href":"https:\/\/bathhere.com\/index.php?rest_route=%2Fwp%2Fv2%2Fmedia&parent=13137"}],"wp:term":[{"taxonomy":"pwb-brand","embeddable":true,"href":"https:\/\/bathhere.com\/index.php?rest_route=%2Fwp%2Fv2%2Fpwb-brand&post=13137"},{"taxonomy":"product_brand","embeddable":true,"href":"https:\/\/bathhere.com\/index.php?rest_route=%2Fwp%2Fv2%2Fproduct_brand&post=13137"},{"taxonomy":"product_cat","embeddable":true,"href":"https:\/\/bathhere.com\/index.php?rest_route=%2Fwp%2Fv2%2Fproduct_cat&post=13137"},{"taxonomy":"product_tag","embeddable":true,"href":"https:\/\/bathhere.com\/index.php?rest_route=%2Fwp%2Fv2%2Fproduct_tag&post=13137"},{"taxonomy":"berocket_brand","embeddable":true,"href":"https:\/\/bathhere.com\/index.php?rest_route=%2Fwp%2Fv2%2Fberocket_brand&post=13137"}],"curies":[{"name":"wp","href":"https:\/\/api.w.org\/{rel}","templated":true}]}}