{"id":2170,"date":"2021-10-08T15:44:47","date_gmt":"2021-10-08T12:44:47","guid":{"rendered":"https:\/\/bathhere.com\/?page_id=2170"},"modified":"2023-09-29T10:27:29","modified_gmt":"2023-09-29T07:27:29","slug":"iletisim","status":"publish","type":"page","link":"http:\/\/bathhere.com\/?page_id=2170","title":{"rendered":"\u0130leti\u015fim"},"content":{"rendered":"\t\t<div data-elementor-type=\"wp-page\" data-elementor-id=\"2170\" class=\"elementor elementor-2170\" data-elementor-post-type=\"page\">\n\t\t\t\t\t\t<section class=\"elementor-section elementor-top-section elementor-element elementor-element-adda7b0 elementor-section-full_width elementor-section-height-default elementor-section-height-default\" data-id=\"adda7b0\" data-element_type=\"section\" data-e-type=\"section\" data-settings=\"{&quot;background_background&quot;:&quot;classic&quot;}\">\n\t\t\t\t\t\t<div class=\"elementor-container elementor-column-gap-default\">\n\t\t\t\t\t<div class=\"elementor-column elementor-col-100 elementor-top-column elementor-element elementor-element-be21ab9\" data-id=\"be21ab9\" data-element_type=\"column\" data-e-type=\"column\">\n\t\t\t<div class=\"elementor-widget-wrap elementor-element-populated\">\n\t\t\t\t\t\t<div class=\"elementor-element elementor-element-59d1c09 elementor-widget elementor-widget-heading\" data-id=\"59d1c09\" data-element_type=\"widget\" data-e-type=\"widget\" data-widget_type=\"heading.default\">\n\t\t\t\t<div class=\"elementor-widget-container\">\n\t\t\t\t\t<h2 class=\"elementor-heading-title elementor-size-default\">Avrupa'n\u0131n en se\u00e7kin seramik markalar\u0131,\nbanyo \u00fcr\u00fcnleri ve mutfak mobilyalar\u0131.<\/h2>\t\t\t\t<\/div>\n\t\t\t\t<\/div>\n\t\t\t\t<div class=\"elementor-element elementor-element-654ef37 elementor-widget elementor-widget-video\" data-id=\"654ef37\" data-element_type=\"widget\" data-e-type=\"widget\" data-settings=\"{&quot;video_type&quot;:&quot;hosted&quot;,&quot;autoplay&quot;:&quot;yes&quot;,&quot;play_on_mobile&quot;:&quot;yes&quot;,&quot;mute&quot;:&quot;yes&quot;,&quot;loop&quot;:&quot;yes&quot;}\" data-widget_type=\"video.default\">\n\t\t\t\t<div class=\"elementor-widget-container\">\n\t\t\t\t\t\t\t<div class=\"e-hosted-video elementor-wrapper elementor-open-inline\">\n\t\t\t\t\t<video class=\"elementor-video\" src=\"https:\/\/bathhere.com\/wp-content\/uploads\/2021\/09\/iletisim.mp4\" autoplay=\"\" loop=\"\" muted=\"muted\" playsinline=\"\" controlsList=\"nodownload\"><\/video>\n\t\t\t\t<\/div>\n\t\t\t\t\t\t<\/div>\n\t\t\t\t<\/div>\n\t\t\t\t\t<\/div>\n\t\t<\/div>\n\t\t\t\t\t<\/div>\n\t\t<\/section>\n\t\t\t\t<section class=\"elementor-section elementor-top-section elementor-element elementor-element-be494f3 elementor-section-full_width elementor-section-height-default elementor-section-height-default\" data-id=\"be494f3\" data-element_type=\"section\" data-e-type=\"section\" data-settings=\"{&quot;background_background&quot;:&quot;classic&quot;}\">\n\t\t\t\t\t\t<div class=\"elementor-container elementor-column-gap-default\">\n\t\t\t\t\t<div class=\"elementor-column elementor-col-33 elementor-top-column elementor-element elementor-element-a778cdf\" data-id=\"a778cdf\" data-element_type=\"column\" data-e-type=\"column\">\n\t\t\t<div class=\"elementor-widget-wrap elementor-element-populated\">\n\t\t\t\t\t\t<div class=\"elementor-element elementor-element-d10b68e elementor-widget elementor-widget-heading\" data-id=\"d10b68e\" data-element_type=\"widget\" data-e-type=\"widget\" data-widget_type=\"heading.default\">\n\t\t\t\t<div class=\"elementor-widget-container\">\n\t\t\t\t\t<h2 class=\"elementor-heading-title elementor-size-default\">T\u00fcrkiye Ma\u011faza<\/h2>\t\t\t\t<\/div>\n\t\t\t\t<\/div>\n\t\t\t\t<div class=\"elementor-element elementor-element-9de7343 elementor-widget elementor-widget-text-editor\" data-id=\"9de7343\" data-element_type=\"widget\" data-e-type=\"widget\" data-widget_type=\"text-editor.default\">\n\t\t\t\t<div class=\"elementor-widget-container\">\n\t\t\t\t\t\t\t\t\tBe\u015fyol Mah. Akasya Sok. No:29 Florya\nIstanbul\/TURKEY\nTel: +90 212 598 55 98\nFax: +90 212 598 55 99\nE-mail: info@aksesuargroup.com\n\t\t\t\t\t\t\t\t<\/div>\n\t\t\t\t<\/div>\n\t\t\t\t<div class=\"elementor-element elementor-element-c6d141a elementor-widget elementor-widget-image\" data-id=\"c6d141a\" data-element_type=\"widget\" data-e-type=\"widget\" data-widget_type=\"image.default\">\n\t\t\t\t<div class=\"elementor-widget-container\">\n\t\t\t\t\t\t\t\t\t\t\t\t\t\t\t\t<a href=\"http:\/\/www.aksesuardesign.com\/istanbul-showroom\/\">\n\t\t\t\t\t\t\t<img decoding=\"async\" width=\"150\" height=\"170\" src=\"https:\/\/bathhere.com\/wp-content\/uploads\/2021\/09\/360.png\" class=\"attachment-large size-large wp-image-1742\" alt=\"\" \/>\t\t\t\t\t\t\t\t<\/a>\n\t\t\t\t\t\t\t\t\t\t\t\t\t\t\t<\/div>\n\t\t\t\t<\/div>\n\t\t\t\t\t<\/div>\n\t\t<\/div>\n\t\t\t\t<div class=\"elementor-column elementor-col-33 elementor-top-column elementor-element elementor-element-bbdbfc8\" data-id=\"bbdbfc8\" data-element_type=\"column\" data-e-type=\"column\">\n\t\t\t<div class=\"elementor-widget-wrap elementor-element-populated\">\n\t\t\t\t\t\t<div class=\"elementor-element elementor-element-4072697 eael-team-align-centered elementor-widget elementor-widget-eael-team-member\" data-id=\"4072697\" data-element_type=\"widget\" data-e-type=\"widget\" data-widget_type=\"eael-team-member.default\">\n\t\t\t\t<div class=\"elementor-widget-container\">\n\t\t\t\t\t\n\n\t<div id=\"eael-team-member-4072697\" class=\"eael-team-item eael-team-members-simple \">\n\t\t<div class=\"eael-team-item-inner\">\n\t\t\t<div class=\"eael-team-image\">\n\t\t\t\t<figure>\n\t\t\t\t\t\t\t\t\t<\/figure>\n\t\t\t\t\n\t\t\t\t\n\t\t\t<\/div>\n\n\t\t\t<div class=\"eael-team-content\">\n\t\t\t\t<h2 class=\"eael-team-member-name\"><\/h2><h3 class=\"eael-team-member-position\"><\/h3>\n\t\t\t\t\t\t\t\t\t\t\t\t\t\t\t<ul class=\"eael-team-member-social-profiles\">\n\t\t\t\t\t\t\t\t\t\t\t\t\t\t\t\t\t\t\t\t\t\t\t\t\t\t\t\t\t\t\t\t\t\t\t\t\t\t\t\t\t<li class=\"eael-team-member-social-link\">\n\t\t\t\t\t\t\t\t\t\t<a href=\"https:\/\/www.facebook.com\/aksesuardesign\/?locale=tr_TR\" target=\"_blank\">\n\t\t\t\t\t\t\t\t\t\t\t\t\t\t\t\t\t\t\t\t\t\t\t<i aria-hidden=\"true\" class=\"fab fa-facebook\"><\/i>\t\t\t\t\t\t\t\t\t\t\t\t\t\t\t\t\t\t\t\t\t<\/a>\n\t\t\t\t\t\t\t\t\t<\/li>\n\t\t\t\t\t\t\t\t\t\t\t\t\t\t\t\t\t\t\t\t\t\t\t\t\t\t\t\t\t\t\t\t\t\t\t\t\t\t\t\t\t\t\t\t\t\t\t\t\t<li class=\"eael-team-member-social-link\">\n\t\t\t\t\t\t\t\t\t\t<a href=\"https:\/\/www.instagram.com\/aksesuardesign\/\" target=\"_blank\">\n\t\t\t\t\t\t\t\t\t\t\t\t\t\t\t\t\t\t\t\t\t\t\t<i aria-hidden=\"true\" class=\"fab fa-instagram\"><\/i>\t\t\t\t\t\t\t\t\t\t\t\t\t\t\t\t\t\t\t\t\t<\/a>\n\t\t\t\t\t\t\t\t\t<\/li>\n\t\t\t\t\t\t\t\t\t\t\t\t\t\t\t\t\t\t\t\t\t\t\t\t\t\t\t\t\t\t\t\t\t\t\t\t\t\t\t\t\t\t\t\t\t\t\t\t\t<li class=\"eael-team-member-social-link\">\n\t\t\t\t\t\t\t\t\t\t<a href=\"https:\/\/api.whatsapp.com\/send?phone=+905495231035\" target=\"_blank\">\n\t\t\t\t\t\t\t\t\t\t\t\t\t\t\t\t\t\t\t\t\t\t\t<i aria-hidden=\"true\" class=\"fab fa-whatsapp\"><\/i>\t\t\t\t\t\t\t\t\t\t\t\t\t\t\t\t\t\t\t\t\t<\/a>\n\t\t\t\t\t\t\t\t\t<\/li>\n\t\t\t\t\t\t\t\t\t\t\t\t\t\t\t\t\t\t\t\t\t<\/ul>\n\t\t\t\t\t\t\t\t\t\t<p class=\"eael-team-text\"><\/p>\n\t\t\t\t\t\t\t<\/div>\n\t\t<\/div>\n\t<\/div>\n\t\t\t\t\t<\/div>\n\t\t\t\t<\/div>\n\t\t\t\t\t<\/div>\n\t\t<\/div>\n\t\t\t\t<div class=\"elementor-column elementor-col-33 elementor-top-column elementor-element elementor-element-a52b563\" data-id=\"a52b563\" data-element_type=\"column\" data-e-type=\"column\">\n\t\t\t<div class=\"elementor-widget-wrap elementor-element-populated\">\n\t\t\t\t\t\t<div class=\"elementor-element elementor-element-8db23f8 elementor-widget elementor-widget-html\" data-id=\"8db23f8\" data-element_type=\"widget\" data-e-type=\"widget\" data-widget_type=\"html.default\">\n\t\t\t\t<div class=\"elementor-widget-container\">\n\t\t\t\t\t<iframe src=\"https:\/\/www.google.com\/maps\/embed?pb=!1m18!1m12!1m3!1d28242.386767473192!2d28.78208639713282!3d40.98598734640655!2m3!1f0!2f0!3f0!3m2!1i1024!2i768!4f13.1!3m3!1m2!1s0x0%3A0x76c209b78e4c8767!2sAksesuar%20Design!5e0!3m2!1str!2str!4v1633697672188!5m2!1str!2str\" width=\"600\" height=\"450\" style=\"border:0;\" allowfullscreen=\"\" loading=\"lazy\"><\/iframe>\t\t\t\t<\/div>\n\t\t\t\t<\/div>\n\t\t\t\t\t<\/div>\n\t\t<\/div>\n\t\t\t\t\t<\/div>\n\t\t<\/section>\n\t\t\t\t<\/div>\n\t\t","protected":false},"excerpt":{"rendered":"<p>Avrupa&#8217;n\u0131n en se\u00e7kin seramik markalar\u0131, banyo \u00fcr\u00fcnleri ve mutfak mobilyalar\u0131. https:\/\/bathhere.com\/wp-content\/uploads\/2021\/09\/iletisim.mp4 T\u00fcrkiye Ma\u011faza Be\u015fyol Mah. Akasya Sok. No:29 Florya Istanbul\/TURKEY Tel: +90 212 598 55 98 Fax: +90 212 598 55 99 E-mail: info@aksesuargroup.com<\/p>\n","protected":false},"author":8,"featured_media":0,"parent":0,"menu_order":0,"comment_status":"closed","ping_status":"closed","template":"","meta":{"site-sidebar-layout":"no-sidebar","site-content-layout":"page-builder","ast-site-content-layout":"default","site-content-style":"default","site-sidebar-style":"default","ast-global-header-display":"","ast-banner-title-visibility":"","ast-main-header-display":"","ast-hfb-above-header-display":"","ast-hfb-below-header-display":"","ast-hfb-mobile-header-display":"","site-post-title":"disabled","ast-breadcrumbs-content":"","ast-featured-img":"disabled","footer-sml-layout":"","ast-disable-related-posts":"","theme-transparent-header-meta":"default","adv-header-id-meta":"","stick-header-meta":"","header-above-stick-meta":"","header-main-stick-meta":"","header-below-stick-meta":"","astra-migrate-meta-layouts":"default","ast-page-background-enabled":"default","ast-page-background-meta":{"desktop":{"background-color":"var(--ast-global-color-4)","background-image":"","background-repeat":"repeat","background-position":"center center","background-size":"auto","background-attachment":"scroll","background-type":"","background-media":"","overlay-type":"","overlay-color":"","overlay-opacity":"","overlay-gradient":""},"tablet":{"background-color":"","background-image":"","background-repeat":"repeat","background-position":"center center","background-size":"auto","background-attachment":"scroll","background-type":"","background-media":"","overlay-type":"","overlay-color":"","overlay-opacity":"","overlay-gradient":""},"mobile":{"background-color":"","background-image":"","background-repeat":"repeat","background-position":"center center","background-size":"auto","background-attachment":"scroll","background-type":"","background-media":"","overlay-type":"","overlay-color":"","overlay-opacity":"","overlay-gradient":""}},"ast-content-background-meta":{"desktop":{"background-color":"var(--ast-global-color-5)","background-image":"","background-repeat":"repeat","background-position":"center center","background-size":"auto","background-attachment":"scroll","background-type":"","background-media":"","overlay-type":"","overlay-color":"","overlay-opacity":"","overlay-gradient":""},"tablet":{"background-color":"var(--ast-global-color-5)","background-image":"","background-repeat":"repeat","background-position":"center center","background-size":"auto","background-attachment":"scroll","background-type":"","background-media":"","overlay-type":"","overlay-color":"","overlay-opacity":"","overlay-gradient":""},"mobile":{"background-color":"var(--ast-global-color-5)","background-image":"","background-repeat":"repeat","background-position":"center center","background-size":"auto","background-attachment":"scroll","background-type":"","background-media":"","overlay-type":"","overlay-color":"","overlay-opacity":"","overlay-gradient":""}},"footnotes":"","_links_to":"","_links_to_target":""},"class_list":["post-2170","page","type-page","status-publish","hentry"],"aioseo_notices":[],"yoast_head":"<!-- This site is optimized with the Yoast SEO Premium plugin v22.9 (Yoast SEO v27.5) - https:\/\/yoast.com\/product\/yoast-seo-premium-wordpress\/ -->\n<title>\u0130leti\u015fim - Bathhere online shopping<\/title>\n<meta name=\"robots\" content=\"index, follow, max-snippet:-1, max-image-preview:large, max-video-preview:-1\" \/>\n<link rel=\"canonical\" href=\"http:\/\/bathhere.com\/?page_id=2170\" \/>\n<meta property=\"og:locale\" content=\"en_US\" \/>\n<meta property=\"og:type\" content=\"article\" \/>\n<meta property=\"og:title\" content=\"\u0130leti\u015fim\" \/>\n<meta property=\"og:description\" content=\"Avrupa&#8217;n\u0131n en se\u00e7kin seramik markalar\u0131, banyo \u00fcr\u00fcnleri ve mutfak mobilyalar\u0131. https:\/\/bathhere.com\/wp-content\/uploads\/2021\/09\/iletisim.mp4 T\u00fcrkiye Ma\u011faza Be\u015fyol Mah. Akasya Sok. No:29 Florya Istanbul\/TURKEY Tel: +90 212 598 55 98 Fax: +90 212 598 55 99 E-mail: info@aksesuargroup.com\" \/>\n<meta property=\"og:url\" content=\"http:\/\/bathhere.com\/?page_id=2170\" \/>\n<meta property=\"og:site_name\" content=\"Bathhere online shopping\" \/>\n<meta property=\"article:modified_time\" content=\"2023-09-29T07:27:29+00:00\" \/>\n<meta property=\"og:image\" content=\"https:\/\/bathhere.com\/wp-content\/uploads\/2021\/09\/360.png\" \/>\n<meta name=\"twitter:card\" content=\"summary_large_image\" \/>\n<meta name=\"twitter:label1\" content=\"Est. reading time\" \/>\n\t<meta name=\"twitter:data1\" content=\"1 minute\" \/>\n<script type=\"application\/ld+json\" class=\"yoast-schema-graph\">{\"@context\":\"https:\\\/\\\/schema.org\",\"@graph\":[{\"@type\":\"WebPage\",\"@id\":\"http:\\\/\\\/bathhere.com\\\/?page_id=2170\",\"url\":\"http:\\\/\\\/bathhere.com\\\/?page_id=2170\",\"name\":\"\u0130leti\u015fim - Bathhere online shopping\",\"isPartOf\":{\"@id\":\"https:\\\/\\\/bathhere.com\\\/#website\"},\"primaryImageOfPage\":{\"@id\":\"http:\\\/\\\/bathhere.com\\\/?page_id=2170#primaryimage\"},\"image\":{\"@id\":\"http:\\\/\\\/bathhere.com\\\/?page_id=2170#primaryimage\"},\"thumbnailUrl\":\"https:\\\/\\\/bathhere.com\\\/wp-content\\\/uploads\\\/2021\\\/09\\\/360.png\",\"datePublished\":\"2021-10-08T12:44:47+00:00\",\"dateModified\":\"2023-09-29T07:27:29+00:00\",\"breadcrumb\":{\"@id\":\"http:\\\/\\\/bathhere.com\\\/?page_id=2170#breadcrumb\"},\"inLanguage\":\"en\",\"potentialAction\":[{\"@type\":\"ReadAction\",\"target\":[\"http:\\\/\\\/bathhere.com\\\/?page_id=2170\"]}]},{\"@type\":\"ImageObject\",\"inLanguage\":\"en\",\"@id\":\"http:\\\/\\\/bathhere.com\\\/?page_id=2170#primaryimage\",\"url\":\"http:\\\/\\\/bathhere.com\\\/wp-content\\\/uploads\\\/2021\\\/09\\\/360.png\",\"contentUrl\":\"http:\\\/\\\/bathhere.com\\\/wp-content\\\/uploads\\\/2021\\\/09\\\/360.png\",\"width\":150,\"height\":170},{\"@type\":\"BreadcrumbList\",\"@id\":\"http:\\\/\\\/bathhere.com\\\/?page_id=2170#breadcrumb\",\"itemListElement\":[{\"@type\":\"ListItem\",\"position\":1,\"name\":\"Anasayfa\",\"item\":\"https:\\\/\\\/bathhere.com\\\/\"},{\"@type\":\"ListItem\",\"position\":2,\"name\":\"\u0130leti\u015fim\"}]},{\"@type\":\"WebSite\",\"@id\":\"https:\\\/\\\/bathhere.com\\\/#website\",\"url\":\"https:\\\/\\\/bathhere.com\\\/\",\"name\":\"bathhere\",\"description\":\"L&uuml;ks modern mimari dekorasyon &uuml;r&uuml;nleri\",\"publisher\":{\"@id\":\"https:\\\/\\\/bathhere.com\\\/#organization\"},\"alternateName\":\"https:\\\/\\\/aksesuardesign.com\\\/\",\"potentialAction\":[{\"@type\":\"SearchAction\",\"target\":{\"@type\":\"EntryPoint\",\"urlTemplate\":\"https:\\\/\\\/bathhere.com\\\/?s={search_term_string}\"},\"query-input\":{\"@type\":\"PropertyValueSpecification\",\"valueRequired\":true,\"valueName\":\"search_term_string\"}}],\"inLanguage\":\"en\"},{\"@type\":\"Organization\",\"@id\":\"https:\\\/\\\/bathhere.com\\\/#organization\",\"name\":\"Aksesuar Design\",\"url\":\"https:\\\/\\\/bathhere.com\\\/\",\"logo\":{\"@type\":\"ImageObject\",\"inLanguage\":\"en\",\"@id\":\"https:\\\/\\\/bathhere.com\\\/#\\\/schema\\\/logo\\\/image\\\/\",\"url\":\"https:\\\/\\\/bathhere.com\\\/wp-content\\\/uploads\\\/2021\\\/09\\\/cropped-Asset-12-300x56-1.png\",\"contentUrl\":\"https:\\\/\\\/bathhere.com\\\/wp-content\\\/uploads\\\/2021\\\/09\\\/cropped-Asset-12-300x56-1.png\",\"width\":300,\"height\":56,\"caption\":\"Aksesuar Design\"},\"image\":{\"@id\":\"https:\\\/\\\/bathhere.com\\\/#\\\/schema\\\/logo\\\/image\\\/\"},\"sameAs\":[\"https:\\\/\\\/www.instagram.com\\\/aksesuardesign\\\/\"]}]}<\/script>\n<!-- \/ Yoast SEO Premium plugin. -->","yoast_head_json":{"title":"\u0130leti\u015fim - Bathhere online shopping","robots":{"index":"index","follow":"follow","max-snippet":"max-snippet:-1","max-image-preview":"max-image-preview:large","max-video-preview":"max-video-preview:-1"},"canonical":"http:\/\/bathhere.com\/?page_id=2170","og_locale":"en_US","og_type":"article","og_title":"\u0130leti\u015fim","og_description":"Avrupa&#8217;n\u0131n en se\u00e7kin seramik markalar\u0131, banyo \u00fcr\u00fcnleri ve mutfak mobilyalar\u0131. https:\/\/bathhere.com\/wp-content\/uploads\/2021\/09\/iletisim.mp4 T\u00fcrkiye Ma\u011faza Be\u015fyol Mah. Akasya Sok. No:29 Florya Istanbul\/TURKEY Tel: +90 212 598 55 98 Fax: +90 212 598 55 99 E-mail: info@aksesuargroup.com","og_url":"http:\/\/bathhere.com\/?page_id=2170","og_site_name":"Bathhere online shopping","article_modified_time":"2023-09-29T07:27:29+00:00","og_image":[{"url":"https:\/\/bathhere.com\/wp-content\/uploads\/2021\/09\/360.png","type":"","width":"","height":""}],"twitter_card":"summary_large_image","twitter_misc":{"Est. reading time":"1 minute"},"schema":{"@context":"https:\/\/schema.org","@graph":[{"@type":"WebPage","@id":"http:\/\/bathhere.com\/?page_id=2170","url":"http:\/\/bathhere.com\/?page_id=2170","name":"\u0130leti\u015fim - Bathhere online shopping","isPartOf":{"@id":"https:\/\/bathhere.com\/#website"},"primaryImageOfPage":{"@id":"http:\/\/bathhere.com\/?page_id=2170#primaryimage"},"image":{"@id":"http:\/\/bathhere.com\/?page_id=2170#primaryimage"},"thumbnailUrl":"https:\/\/bathhere.com\/wp-content\/uploads\/2021\/09\/360.png","datePublished":"2021-10-08T12:44:47+00:00","dateModified":"2023-09-29T07:27:29+00:00","breadcrumb":{"@id":"http:\/\/bathhere.com\/?page_id=2170#breadcrumb"},"inLanguage":"en","potentialAction":[{"@type":"ReadAction","target":["http:\/\/bathhere.com\/?page_id=2170"]}]},{"@type":"ImageObject","inLanguage":"en","@id":"http:\/\/bathhere.com\/?page_id=2170#primaryimage","url":"http:\/\/bathhere.com\/wp-content\/uploads\/2021\/09\/360.png","contentUrl":"http:\/\/bathhere.com\/wp-content\/uploads\/2021\/09\/360.png","width":150,"height":170},{"@type":"BreadcrumbList","@id":"http:\/\/bathhere.com\/?page_id=2170#breadcrumb","itemListElement":[{"@type":"ListItem","position":1,"name":"Anasayfa","item":"https:\/\/bathhere.com\/"},{"@type":"ListItem","position":2,"name":"\u0130leti\u015fim"}]},{"@type":"WebSite","@id":"https:\/\/bathhere.com\/#website","url":"https:\/\/bathhere.com\/","name":"bathhere","description":"L&uuml;ks modern mimari dekorasyon &uuml;r&uuml;nleri","publisher":{"@id":"https:\/\/bathhere.com\/#organization"},"alternateName":"https:\/\/aksesuardesign.com\/","potentialAction":[{"@type":"SearchAction","target":{"@type":"EntryPoint","urlTemplate":"https:\/\/bathhere.com\/?s={search_term_string}"},"query-input":{"@type":"PropertyValueSpecification","valueRequired":true,"valueName":"search_term_string"}}],"inLanguage":"en"},{"@type":"Organization","@id":"https:\/\/bathhere.com\/#organization","name":"Aksesuar Design","url":"https:\/\/bathhere.com\/","logo":{"@type":"ImageObject","inLanguage":"en","@id":"https:\/\/bathhere.com\/#\/schema\/logo\/image\/","url":"https:\/\/bathhere.com\/wp-content\/uploads\/2021\/09\/cropped-Asset-12-300x56-1.png","contentUrl":"https:\/\/bathhere.com\/wp-content\/uploads\/2021\/09\/cropped-Asset-12-300x56-1.png","width":300,"height":56,"caption":"Aksesuar Design"},"image":{"@id":"https:\/\/bathhere.com\/#\/schema\/logo\/image\/"},"sameAs":["https:\/\/www.instagram.com\/aksesuardesign\/"]}]}},"_links":{"self":[{"href":"http:\/\/bathhere.com\/index.php?rest_route=\/wp\/v2\/pages\/2170","targetHints":{"allow":["GET"]}}],"collection":[{"href":"http:\/\/bathhere.com\/index.php?rest_route=\/wp\/v2\/pages"}],"about":[{"href":"http:\/\/bathhere.com\/index.php?rest_route=\/wp\/v2\/types\/page"}],"author":[{"embeddable":true,"href":"http:\/\/bathhere.com\/index.php?rest_route=\/wp\/v2\/users\/8"}],"replies":[{"embeddable":true,"href":"http:\/\/bathhere.com\/index.php?rest_route=%2Fwp%2Fv2%2Fcomments&post=2170"}],"version-history":[{"count":43,"href":"http:\/\/bathhere.com\/index.php?rest_route=\/wp\/v2\/pages\/2170\/revisions"}],"predecessor-version":[{"id":8174,"href":"http:\/\/bathhere.com\/index.php?rest_route=\/wp\/v2\/pages\/2170\/revisions\/8174"}],"wp:attachment":[{"href":"http:\/\/bathhere.com\/index.php?rest_route=%2Fwp%2Fv2%2Fmedia&parent=2170"}],"curies":[{"name":"wp","href":"https:\/\/api.w.org\/{rel}","templated":true}]}}